{"id":797,"date":"2020-10-18T16:26:29","date_gmt":"2020-10-18T16:26:29","guid":{"rendered":"http:\/\/laqueusmuaythai.com\/?page_id=797"},"modified":"2021-03-05T06:53:27","modified_gmt":"2021-03-05T06:53:27","slug":"muay-thai","status":"publish","type":"page","link":"https:\/\/laqueusmuaythai.com\/index.php\/muay-thai\/","title":{"rendered":"Muay Thai"},"content":{"rendered":"\t\t<div data-elementor-type=\"wp-page\" data-elementor-id=\"797\" class=\"elementor elementor-797\" data-elementor-post-type=\"page\">\n\t\t\t\t\t\t<section class=\"elementor-section elementor-top-section elementor-element elementor-element-32545b9 elementor-section-height-min-height elementor-section-boxed elementor-section-height-default elementor-section-items-middle\" data-id=\"32545b9\" data-element_type=\"section\" data-e-type=\"section\" data-settings=\"{&quot;background_background&quot;:&quot;classic&quot;}\">\n\t\t\t\t\t\t\t<div class=\"elementor-background-overlay\"><\/div>\n\t\t\t\t\t\t\t<div class=\"elementor-container elementor-column-gap-default\">\n\t\t\t\t\t<div class=\"elementor-column elementor-col-100 elementor-top-column elementor-element elementor-element-1ccd179 animated-slow elementor-invisible\" data-id=\"1ccd179\" data-element_type=\"column\" data-e-type=\"column\" data-settings=\"{&quot;animation&quot;:&quot;fadeIn&quot;}\">\n\t\t\t<div class=\"elementor-widget-wrap elementor-element-populated\">\n\t\t\t\t\t\t<div class=\"elementor-element elementor-element-20617c8 elementor-widget elementor-widget-image\" data-id=\"20617c8\" data-element_type=\"widget\" data-e-type=\"widget\" data-widget_type=\"image.default\">\n\t\t\t\t<div class=\"elementor-widget-container\">\n\t\t\t\t\t\t\t\t\t\t\t\t\t\t\t<img fetchpriority=\"high\" decoding=\"async\" width=\"800\" height=\"208\" src=\"https:\/\/laqueusmuaythai.com\/wp-content\/uploads\/2021\/01\/muay-thai-1024x266.png\" class=\"attachment-large size-large wp-image-1385\" alt=\"\" srcset=\"https:\/\/laqueusmuaythai.com\/wp-content\/uploads\/2021\/01\/muay-thai-1024x266.png 1024w, https:\/\/laqueusmuaythai.com\/wp-content\/uploads\/2021\/01\/muay-thai-300x78.png 300w, https:\/\/laqueusmuaythai.com\/wp-content\/uploads\/2021\/01\/muay-thai-768x200.png 768w, https:\/\/laqueusmuaythai.com\/wp-content\/uploads\/2021\/01\/muay-thai-1536x399.png 1536w, https:\/\/laqueusmuaythai.com\/wp-content\/uploads\/2021\/01\/muay-thai.png 1800w\" sizes=\"(max-width: 800px) 100vw, 800px\" \/>\t\t\t\t\t\t\t\t\t\t\t\t\t\t\t<\/div>\n\t\t\t\t<\/div>\n\t\t\t\t\t<\/div>\n\t\t<\/div>\n\t\t\t\t\t<\/div>\n\t\t<\/section>\n\t\t\t\t<section class=\"elementor-section elementor-top-section elementor-element elementor-element-ee2eae7 elementor-section-boxed elementor-section-height-default elementor-section-height-default\" data-id=\"ee2eae7\" data-element_type=\"section\" data-e-type=\"section\" data-settings=\"{&quot;background_background&quot;:&quot;classic&quot;}\">\n\t\t\t\t\t\t\t<div class=\"elementor-background-overlay\"><\/div>\n\t\t\t\t\t\t\t<div class=\"elementor-container elementor-column-gap-default\">\n\t\t\t\t\t<div class=\"elementor-column elementor-col-100 elementor-top-column elementor-element elementor-element-2be0e6b\" data-id=\"2be0e6b\" data-element_type=\"column\" data-e-type=\"column\">\n\t\t\t<div class=\"elementor-widget-wrap elementor-element-populated\">\n\t\t\t\t\t\t<div class=\"elementor-element elementor-element-699b1be elementor-widget elementor-widget-heading\" data-id=\"699b1be\" data-element_type=\"widget\" data-e-type=\"widget\" data-widget_type=\"heading.default\">\n\t\t\t\t<div class=\"elementor-widget-container\">\n\t\t\t\t\t<h1 class=\"elementor-heading-title elementor-size-default\">Muay Thai en Granada<\/h1>\t\t\t\t<\/div>\n\t\t\t\t<\/div>\n\t\t\t\t<div class=\"elementor-element elementor-element-002ec03 elementor-widget elementor-widget-text-editor\" data-id=\"002ec03\" data-element_type=\"widget\" data-e-type=\"widget\" data-widget_type=\"text-editor.default\">\n\t\t\t\t<div class=\"elementor-widget-container\">\n\t\t\t\t\t\t\t\t\t<p class=\"MsoNormal\"><span lang=\"ES\">Si est\u00e1s buscando recibir clases de Muay Thai en Granada, aprender disfrutando y recibir una formaci\u00f3n de calidad en el mejor ambiente, has dado con el lugar adecuado. Nos llena de orgullo decir que en nuestra escuela, ense\u00f1amos \u201cel arte\u201d con un estilo muy tailand\u00e9s, y que estando con nosotr@s te sentir\u00e1s como en casa, rodeado de gente estupenda con ganas de aprender y compartir.<\/span><\/p>\t\t\t\t\t\t\t\t<\/div>\n\t\t\t\t<\/div>\n\t\t\t\t<div class=\"elementor-element elementor-element-774a6e8 elementor-widget elementor-widget-image\" data-id=\"774a6e8\" data-element_type=\"widget\" data-e-type=\"widget\" data-widget_type=\"image.default\">\n\t\t\t\t<div class=\"elementor-widget-container\">\n\t\t\t\t\t\t\t\t\t\t\t\t\t\t\t<img decoding=\"async\" width=\"800\" height=\"450\" src=\"https:\/\/laqueusmuaythai.com\/wp-content\/uploads\/2021\/01\/alhambra-granada-1024x576.jpg\" class=\"attachment-large size-large wp-image-1348\" alt=\"\" srcset=\"https:\/\/laqueusmuaythai.com\/wp-content\/uploads\/2021\/01\/alhambra-granada-1024x576.jpg 1024w, https:\/\/laqueusmuaythai.com\/wp-content\/uploads\/2021\/01\/alhambra-granada-300x169.jpg 300w, https:\/\/laqueusmuaythai.com\/wp-content\/uploads\/2021\/01\/alhambra-granada-768x432.jpg 768w, https:\/\/laqueusmuaythai.com\/wp-content\/uploads\/2021\/01\/alhambra-granada-1536x864.jpg 1536w, https:\/\/laqueusmuaythai.com\/wp-content\/uploads\/2021\/01\/alhambra-granada.jpg 1920w\" sizes=\"(max-width: 800px) 100vw, 800px\" \/>\t\t\t\t\t\t\t\t\t\t\t\t\t\t\t<\/div>\n\t\t\t\t<\/div>\n\t\t\t\t<div class=\"elementor-element elementor-element-6e32e41 elementor-widget elementor-widget-heading\" data-id=\"6e32e41\" data-element_type=\"widget\" data-e-type=\"widget\" data-widget_type=\"heading.default\">\n\t\t\t\t<div class=\"elementor-widget-container\">\n\t\t\t\t\t<h1 class=\"elementor-heading-title elementor-size-default\">El arte de las 8 extremidades<\/h1>\t\t\t\t<\/div>\n\t\t\t\t<\/div>\n\t\t\t\t<div class=\"elementor-element elementor-element-8fd7e07 elementor-widget elementor-widget-text-editor\" data-id=\"8fd7e07\" data-element_type=\"widget\" data-e-type=\"widget\" data-widget_type=\"text-editor.default\">\n\t\t\t\t<div class=\"elementor-widget-container\">\n\t\t\t\t\t\t\t\t\t<p><span lang=\"ES\">Muay Thai, (traducido al castellano Muay=Boxeo Thai=tailand\u00e9s), o Thai Boxing en ingl\u00e9s, es un arte marcial, y un deporte de contacto de origen tailand\u00e9s. Tambi\u00e9n es conocido como el \u201cArte de las Ocho Extremidades\u201d, ya que en su pr\u00e1ctica se utilizan por igual los pu\u00f1os, las piernas, las rodillas y los codos. <\/span><\/p><p><span lang=\"ES\">Sus practicantes reciben el nombre de Nak Muay (Nak=alumno), o Nak Muay Farang (Farang=extranjero) si son occidentales. Adem\u00e1s de las t\u00e9cnicas de golpe con las \u201c8 extremidades\u201d, tambi\u00e9n hay t\u00e9cnicas de barridos, lanzamientos, agarres y bloqueos. Es un arte marcial con unas t\u00e9cnicas muy depuradas que maximizan la efectividad de sus golpes y est\u00e1 especializado en la lucha cuerpo a cuerpo (Muay Plam o Clinch).<\/span><\/p><p><span lang=\"ES\">Es considerado el deporte de lucha en pie m\u00e1s eficaz y es una de las disciplinas m\u00e1s utilizadas en las Artes Marciales Mixtas (MMA), aunque es un arte marcial muy similar a otros sistemas de boxeo indochino como el Prodal de Camboya, el Tomoi de Malasia, el Lethwei de Birmania o el Muay Laos de Laos.<\/span><\/p>\t\t\t\t\t\t\t\t<\/div>\n\t\t\t\t<\/div>\n\t\t\t\t<div class=\"elementor-element elementor-element-287df91 elementor-widget elementor-widget-image\" data-id=\"287df91\" data-element_type=\"widget\" data-e-type=\"widget\" data-widget_type=\"image.default\">\n\t\t\t\t<div class=\"elementor-widget-container\">\n\t\t\t\t\t\t\t\t\t\t\t\t\t\t\t<img decoding=\"async\" width=\"768\" height=\"403\" src=\"https:\/\/laqueusmuaythai.com\/wp-content\/uploads\/2021\/01\/Carlos-Coello-muay-thai-768x403.jpg\" class=\"attachment-medium_large size-medium_large wp-image-1351\" alt=\"\" srcset=\"https:\/\/laqueusmuaythai.com\/wp-content\/uploads\/2021\/01\/Carlos-Coello-muay-thai-768x403.jpg 768w, https:\/\/laqueusmuaythai.com\/wp-content\/uploads\/2021\/01\/Carlos-Coello-muay-thai-300x158.jpg 300w, https:\/\/laqueusmuaythai.com\/wp-content\/uploads\/2021\/01\/Carlos-Coello-muay-thai-1024x538.jpg 1024w, https:\/\/laqueusmuaythai.com\/wp-content\/uploads\/2021\/01\/Carlos-Coello-muay-thai.jpg 1200w\" sizes=\"(max-width: 768px) 100vw, 768px\" \/>\t\t\t\t\t\t\t\t\t\t\t\t\t\t\t<\/div>\n\t\t\t\t<\/div>\n\t\t\t\t<div class=\"elementor-element elementor-element-978a5cf elementor-widget elementor-widget-text-editor\" data-id=\"978a5cf\" data-element_type=\"widget\" data-e-type=\"widget\" data-widget_type=\"text-editor.default\">\n\t\t\t\t<div class=\"elementor-widget-container\">\n\t\t\t\t\t\t\t\t\t<p><span lang=\"ES\">El Muay Thai se diferencia de otros deportes de contacto por su car\u00e1cter espiritual. Como parte fundamental de su formaci\u00f3n, los estudiantes o Nak Muay deben aprender la danza ceremonial del Wai Kru Ram Muay (Wai=reverencia Kru=maestro Ram=danza). \u00c9ste es un ritual realizado antes de cada combate, en el que se rinde homenaje al maestro y a sus ense\u00f1anzas. Esta muestra de gratitud y respeto, no solo va dirigido al maestro, sino que tambi\u00e9n sirve para agradecer a compa\u00f1er@s familiares y amig@s que ayudaron y acompa\u00f1aron en la preparaci\u00f3n y el camino hacia la pelea.<\/span><\/p><p><span lang=\"ES\">Esta ceremonia sagrada, sirve tambi\u00e9n para ahuyentar a los malos esp\u00edritus. Ayudado por el Mongkol, un amuleto m\u00e1gico que se coloca en la cabeza a modo de corona, los esp\u00edritus de los antiguos guerreros acompa\u00f1ar\u00e1n a los Nak Muay en sus combates y los ayudar\u00e1n a sanar sus heridas.<\/span><\/p>\t\t\t\t\t\t\t\t<\/div>\n\t\t\t\t<\/div>\n\t\t\t\t<div class=\"elementor-element elementor-element-e8c997a elementor-widget elementor-widget-image\" data-id=\"e8c997a\" data-element_type=\"widget\" data-e-type=\"widget\" data-widget_type=\"image.default\">\n\t\t\t\t<div class=\"elementor-widget-container\">\n\t\t\t\t\t\t\t\t\t\t\t\t\t\t\t<img loading=\"lazy\" decoding=\"async\" width=\"800\" height=\"532\" src=\"https:\/\/laqueusmuaythai.com\/wp-content\/uploads\/2021\/01\/Fighter-Ram-Muay-Wai-Khru-Muay-Thai.jpg\" class=\"attachment-large size-large wp-image-1344\" alt=\"\" srcset=\"https:\/\/laqueusmuaythai.com\/wp-content\/uploads\/2021\/01\/Fighter-Ram-Muay-Wai-Khru-Muay-Thai.jpg 1000w, https:\/\/laqueusmuaythai.com\/wp-content\/uploads\/2021\/01\/Fighter-Ram-Muay-Wai-Khru-Muay-Thai-300x200.jpg 300w, https:\/\/laqueusmuaythai.com\/wp-content\/uploads\/2021\/01\/Fighter-Ram-Muay-Wai-Khru-Muay-Thai-768x511.jpg 768w\" sizes=\"(max-width: 800px) 100vw, 800px\" \/>\t\t\t\t\t\t\t\t\t\t\t\t\t\t\t<\/div>\n\t\t\t\t<\/div>\n\t\t\t\t<div class=\"elementor-element elementor-element-7d85ce3 elementor-widget elementor-widget-text-editor\" data-id=\"7d85ce3\" data-element_type=\"widget\" data-e-type=\"widget\" data-widget_type=\"text-editor.default\">\n\t\t\t\t<div class=\"elementor-widget-container\">\n\t\t\t\t\t\t\t\t\t<p><span lang=\"ES\">Si quieres saber m\u00e1s acerca de este bonito arte marcial, pincha <a href=\"https:\/\/laqueusmuaythai.com\/index.php\/historia-muay-thai_introduccion\/\">aqu\u00ed<\/a> para conocer la Historia del Muay Thai.&nbsp;<\/span><\/p>\n<p><span lang=\"ES\">En un futuro iremos a\u00f1adiendo m\u00e1s contenido sobre \u00e9sta y otras artes marciales. Suscr\u00edbete a nuestra web para no perderte nuestras publicaciones.<\/span><\/p>\t\t\t\t\t\t\t\t<\/div>\n\t\t\t\t<\/div>\n\t\t\t\t<div class=\"elementor-element elementor-element-f0e73b1 elementor-align-center elementor-widget elementor-widget-button\" data-id=\"f0e73b1\" data-element_type=\"widget\" data-e-type=\"widget\" data-widget_type=\"button.default\">\n\t\t\t\t<div class=\"elementor-widget-container\">\n\t\t\t\t\t\t\t\t\t<div class=\"elementor-button-wrapper\">\n\t\t\t\t\t<a class=\"elementor-button elementor-button-link elementor-size-xs\" href=\"#elementor-action%3Aaction%3Dpopup%3Aopen%26settings%3DeyJpZCI6IjExMTEiLCJ0b2dnbGUiOmZhbHNlfQ%3D%3D\">\n\t\t\t\t\t\t<span class=\"elementor-button-content-wrapper\">\n\t\t\t\t\t\t\t\t\t<span class=\"elementor-button-text\">Suscr\u00edbete<\/span>\n\t\t\t\t\t<\/span>\n\t\t\t\t\t<\/a>\n\t\t\t\t<\/div>\n\t\t\t\t\t\t\t\t<\/div>\n\t\t\t\t<\/div>\n\t\t\t\t<div class=\"elementor-element elementor-element-c359559 elementor-widget elementor-widget-heading\" data-id=\"c359559\" data-element_type=\"widget\" data-e-type=\"widget\" data-widget_type=\"heading.default\">\n\t\t\t\t<div class=\"elementor-widget-container\">\n\t\t\t\t\t<h1 class=\"elementor-heading-title elementor-size-default\">\u00bfPor qu\u00e9 Muay Thai?<\/h1>\t\t\t\t<\/div>\n\t\t\t\t<\/div>\n\t\t\t\t<div class=\"elementor-element elementor-element-c93252f elementor-widget elementor-widget-text-editor\" data-id=\"c93252f\" data-element_type=\"widget\" data-e-type=\"widget\" data-widget_type=\"text-editor.default\">\n\t\t\t\t<div class=\"elementor-widget-container\">\n\t\t\t\t\t\t\t\t\t<p>Los beneficios f\u00edsicos de practicar Muay Thai son numerosos. Al combinar ejercicios aer\u00f3bicos y anaer\u00f3bicos, se demanda una gran actividad cardiopulmonar. Esta exigencia f\u00edsica es una gran ayuda para mejorar la capacidad cardiovascular. Pero no te asustes si no tienes condici\u00f3n f\u00edsica previa. Al empezar la pr\u00e1ctica ir\u00e1s de manera muy progresiva y ser\u00e1s t\u00fa mism@ qui\u00e9n poco a poco vayas auto-exigi\u00e9ndote. Sin darte cuenta, ver\u00e1s c\u00f3mo tu capacidad f\u00edsica ir\u00e1 aumentando paulatinamente.<\/p><p>Debido a esta demanda tan exigente de energ\u00eda que requiere, es tambi\u00e9n un excelente aliado en la p\u00e9rdida de peso. Combinado con una dieta equilibrada y controlada, ver\u00e1s resultados sorprendentes en relativamente poco tiempo.<\/p>\t\t\t\t\t\t\t\t<\/div>\n\t\t\t\t<\/div>\n\t\t\t\t<div class=\"elementor-element elementor-element-e8c33a9 elementor-widget elementor-widget-image\" data-id=\"e8c33a9\" data-element_type=\"widget\" data-e-type=\"widget\" data-widget_type=\"image.default\">\n\t\t\t\t<div class=\"elementor-widget-container\">\n\t\t\t\t\t\t\t\t\t\t\t\t\t\t\t<img loading=\"lazy\" decoding=\"async\" width=\"768\" height=\"543\" src=\"https:\/\/laqueusmuaythai.com\/wp-content\/uploads\/2021\/01\/muay-thai-girl-bag-workout-768x543.jpg\" class=\"attachment-medium_large size-medium_large wp-image-1367\" alt=\"\" srcset=\"https:\/\/laqueusmuaythai.com\/wp-content\/uploads\/2021\/01\/muay-thai-girl-bag-workout-768x543.jpg 768w, https:\/\/laqueusmuaythai.com\/wp-content\/uploads\/2021\/01\/muay-thai-girl-bag-workout-300x212.jpg 300w, https:\/\/laqueusmuaythai.com\/wp-content\/uploads\/2021\/01\/muay-thai-girl-bag-workout-1024x723.jpg 1024w, https:\/\/laqueusmuaythai.com\/wp-content\/uploads\/2021\/01\/muay-thai-girl-bag-workout.jpg 1080w\" sizes=\"(max-width: 768px) 100vw, 768px\" \/>\t\t\t\t\t\t\t\t\t\t\t\t\t\t\t<\/div>\n\t\t\t\t<\/div>\n\t\t\t\t<div class=\"elementor-element elementor-element-551951d elementor-widget elementor-widget-text-editor\" data-id=\"551951d\" data-element_type=\"widget\" data-e-type=\"widget\" data-widget_type=\"text-editor.default\">\n\t\t\t\t<div class=\"elementor-widget-container\">\n\t\t\t\t\t\t\t\t\t<p>El Muay Thai es una actividad verdaderamente integral y su pr\u00e1ctica incrementa la movilidad general y la tonificaci\u00f3n muscular. Piezas clave en la lucha contra dolores musculares sobre todo en personas de mediana edad, que debido a una vida sedentaria, se resienten de este tipo de dolencias.<\/p><p>Pero estos son solo algunos de los beneficios f\u00edsicos. No hay que olvidar los beneficios mentales.<\/p><p>La pr\u00e1ctica de este deporte, como otros en general, ayuda a combatir el estr\u00e9s y mejora el bienestar mental. Aumentar\u00e1 tu capacidad de auto-superaci\u00f3n y tu auto-conocimiento. Adem\u00e1s, aprender a defenderte de posibles agresiones, har\u00e1 que ganes confianza y seguridad en ti mism@ y adquieras valores de respeto y compa\u00f1erismo hacia tus compa\u00f1er@s y otras personas.<\/p><p>Como puedes ver, practicar Muay Thai es una excelente opci\u00f3n para mejorar tu calidad de vida en general. As\u00ed que, si todav\u00eda tienes dudas, ven a probar una de nuestras clases y se resolver\u00e1n al instante. Quedar\u00e1s encantad@ con lo divertido que es aprender este bonito arte, y conocer\u00e1s a gente estupenda con quienes compartir\u00e1s grandes experiencias.<\/p><p>Llama ahora a trav\u00e9s de la p\u00e1gina de contacto, para preguntar y quedar un d\u00eda para venir a nuestra escuela. Estaremos encantad@s de recibirte.<\/p>\t\t\t\t\t\t\t\t<\/div>\n\t\t\t\t<\/div>\n\t\t\t\t<div class=\"elementor-element elementor-element-92c803c elementor-widget elementor-widget-image\" data-id=\"92c803c\" data-element_type=\"widget\" data-e-type=\"widget\" data-widget_type=\"image.default\">\n\t\t\t\t<div class=\"elementor-widget-container\">\n\t\t\t\t\t\t\t\t\t\t\t\t\t\t\t<img loading=\"lazy\" decoding=\"async\" width=\"713\" height=\"1024\" src=\"https:\/\/laqueusmuaythai.com\/wp-content\/uploads\/2021\/01\/wai_prah-713x1024.jpg\" class=\"attachment-large size-large wp-image-1369\" alt=\"\" srcset=\"https:\/\/laqueusmuaythai.com\/wp-content\/uploads\/2021\/01\/wai_prah-713x1024.jpg 713w, https:\/\/laqueusmuaythai.com\/wp-content\/uploads\/2021\/01\/wai_prah-209x300.jpg 209w, https:\/\/laqueusmuaythai.com\/wp-content\/uploads\/2021\/01\/wai_prah-768x1103.jpg 768w, https:\/\/laqueusmuaythai.com\/wp-content\/uploads\/2021\/01\/wai_prah.jpg 938w\" sizes=\"(max-width: 713px) 100vw, 713px\" \/>\t\t\t\t\t\t\t\t\t\t\t\t\t\t\t<\/div>\n\t\t\t\t<\/div>\n\t\t\t\t\t<\/div>\n\t\t<\/div>\n\t\t\t\t\t<\/div>\n\t\t<\/section>\n\t\t\t\t<section class=\"elementor-section elementor-top-section elementor-element elementor-element-57793c6 elementor-section-boxed elementor-section-height-default elementor-section-height-default\" data-id=\"57793c6\" data-element_type=\"section\" data-e-type=\"section\">\n\t\t\t\t\t\t<div class=\"elementor-container elementor-column-gap-default\">\n\t\t\t\t\t<div class=\"elementor-column elementor-col-100 elementor-top-column elementor-element elementor-element-97af966\" data-id=\"97af966\" data-element_type=\"column\" data-e-type=\"column\">\n\t\t\t<div class=\"elementor-widget-wrap elementor-element-populated\">\n\t\t\t\t\t\t<div class=\"elementor-element elementor-element-e3bc4e4 elementor-widget elementor-widget-image\" data-id=\"e3bc4e4\" data-element_type=\"widget\" data-e-type=\"widget\" data-widget_type=\"image.default\">\n\t\t\t\t<div class=\"elementor-widget-container\">\n\t\t\t\t\t\t\t\t\t\t\t\t\t\t\t<img loading=\"lazy\" decoding=\"async\" width=\"800\" height=\"230\" src=\"https:\/\/laqueusmuaythai.com\/wp-content\/uploads\/2020\/10\/thai-decoration-1024x295.png\" class=\"attachment-large size-large wp-image-1090\" alt=\"\" srcset=\"https:\/\/laqueusmuaythai.com\/wp-content\/uploads\/2020\/10\/thai-decoration-1024x295.png 1024w, https:\/\/laqueusmuaythai.com\/wp-content\/uploads\/2020\/10\/thai-decoration-300x86.png 300w, https:\/\/laqueusmuaythai.com\/wp-content\/uploads\/2020\/10\/thai-decoration-768x221.png 768w, https:\/\/laqueusmuaythai.com\/wp-content\/uploads\/2020\/10\/thai-decoration-1536x442.png 1536w, https:\/\/laqueusmuaythai.com\/wp-content\/uploads\/2020\/10\/thai-decoration-2048x589.png 2048w\" sizes=\"(max-width: 800px) 100vw, 800px\" \/>\t\t\t\t\t\t\t\t\t\t\t\t\t\t\t<\/div>\n\t\t\t\t<\/div>\n\t\t\t\t\t<\/div>\n\t\t<\/div>\n\t\t\t\t\t<\/div>\n\t\t<\/section>\n\t\t\t\t<\/div>\n\t\t","protected":false},"excerpt":{"rendered":"<p>Muay Thai en Granada Si est\u00e1s buscando recibir clases de Muay Thai en Granada, aprender disfrutando y recibir una formaci\u00f3n de calidad en el mejor ambiente, has dado con el lugar adecuado. Nos llena de orgullo decir que en nuestra escuela, ense\u00f1amos \u201cel arte\u201d con un estilo muy tailand\u00e9s, y que estando con nosotr@s te [&hellip;]<\/p>\n","protected":false},"author":1,"featured_media":0,"parent":0,"menu_order":0,"comment_status":"closed","ping_status":"closed","template":"","meta":{"footnotes":""},"class_list":["post-797","page","type-page","status-publish","hentry"],"_links":{"self":[{"href":"https:\/\/laqueusmuaythai.com\/index.php\/wp-json\/wp\/v2\/pages\/797","targetHints":{"allow":["GET"]}}],"collection":[{"href":"https:\/\/laqueusmuaythai.com\/index.php\/wp-json\/wp\/v2\/pages"}],"about":[{"href":"https:\/\/laqueusmuaythai.com\/index.php\/wp-json\/wp\/v2\/types\/page"}],"author":[{"embeddable":true,"href":"https:\/\/laqueusmuaythai.com\/index.php\/wp-json\/wp\/v2\/users\/1"}],"replies":[{"embeddable":true,"href":"https:\/\/laqueusmuaythai.com\/index.php\/wp-json\/wp\/v2\/comments?post=797"}],"version-history":[{"count":32,"href":"https:\/\/laqueusmuaythai.com\/index.php\/wp-json\/wp\/v2\/pages\/797\/revisions"}],"predecessor-version":[{"id":2779,"href":"https:\/\/laqueusmuaythai.com\/index.php\/wp-json\/wp\/v2\/pages\/797\/revisions\/2779"}],"wp:attachment":[{"href":"https:\/\/laqueusmuaythai.com\/index.php\/wp-json\/wp\/v2\/media?parent=797"}],"curies":[{"name":"wp","href":"https:\/\/api.w.org\/{rel}","templated":true}]}}